{"id":84,"date":"2010-08-02T22:31:42","date_gmt":"2010-08-02T21:31:42","guid":{"rendered":"http:\/\/www.karatetabor.com\/?page_id=84"},"modified":"2016-08-31T21:56:47","modified_gmt":"2016-08-31T20:56:47","slug":"zemljevid","status":"publish","type":"page","link":"https:\/\/www.nikan.si\/karate\/?page_id=84","title":{"rendered":"Zemljevid"},"content":{"rendered":"<p>Vadba oziroma treningi potekajo na Osnovni \u0161oli Franceta Pre\u0161erna, \u017dolgarjeva ulica 2, Maribor &#8211; mala telovadnica.<\/p>\n<p><iframe loading=\"lazy\" style=\"border: 0;\" src=\"https:\/\/www.google.com\/maps\/embed?pb=!1m14!1m8!1m3!1d10975.450473969264!2d15.6395656!3d46.5504044!3m2!1i1024!2i768!4f13.1!3m3!1m2!1s0x0%3A0x1eb83df4501a5316!2sOsnovna+%C5%A1ola+Franceta+Pre%C5%A1erna+Maribor!5e0!3m2!1ssl!2ssi!4v1440967326500\" width=\"700\" height=\"600\" frameborder=\"0\" allowfullscreen=\"allowfullscreen\"><\/iframe><\/p>\n<p>Lokacija telovadnice (dostop do telovadnice je v smeri pu\u0161\u010dice):<br \/>\n<img decoding=\"async\" src=\".\/images\/zemljevid_mb1.gif\" alt=\"Zemljevid\" \/><\/p>\n","protected":false},"excerpt":{"rendered":"<p>Vadba oziroma treningi potekajo na Osnovni \u0161oli Franceta Pre\u0161erna, \u017dolgarjeva ulica 2, Maribor &#8211; mala telovadnica. Lokacija telovadnice (dostop do telovadnice je v smeri pu\u0161\u010dice):<\/p>\n","protected":false},"author":1,"featured_media":0,"parent":17,"menu_order":0,"comment_status":"closed","ping_status":"closed","template":"","meta":{"_uag_custom_page_level_css":"","site-sidebar-layout":"default","site-content-layout":"default","ast-global-header-display":"","ast-banner-title-visibility":"","ast-main-header-display":"","ast-hfb-above-header-display":"","ast-hfb-below-header-display":"","ast-hfb-mobile-header-display":"","site-post-title":"","ast-breadcrumbs-content":"","ast-featured-img":"","footer-sml-layout":"","theme-transparent-header-meta":"","adv-header-id-meta":"","stick-header-meta":"","header-above-stick-meta":"","header-main-stick-meta":"","header-below-stick-meta":"","ngg_post_thumbnail":0,"footnotes":""},"yoast_head":"<!-- This site is optimized with the Yoast SEO plugin v21.1 - https:\/\/yoast.com\/wordpress\/plugins\/seo\/ -->\n<title>Zemljevid - \u0160portno dru\u0161tvo Nikan<\/title>\n<meta name=\"description\" content=\"Karate-Do vadba v Mariboru za otroke, odrasle, tekmovalce in rekreativce. Vabljeni v svet borilnih ve\u0161\u010din! Vabljeni v NIKAN TEAM! Klub z ve\u010d kot 40 letno tradicijo.\" \/>\n<meta name=\"robots\" content=\"index, follow, max-snippet:-1, max-image-preview:large, max-video-preview:-1\" \/>\n<link rel=\"canonical\" href=\"https:\/\/www.nikan.si\/karate\/?page_id=84\" \/>\n<meta property=\"og:locale\" content=\"en_US\" \/>\n<meta property=\"og:type\" content=\"article\" \/>\n<meta property=\"og:title\" content=\"Zemljevid - \u0160portno dru\u0161tvo Nikan\" \/>\n<meta property=\"og:description\" content=\"Karate-Do vadba v Mariboru za otroke, odrasle, tekmovalce in rekreativce. Vabljeni v svet borilnih ve\u0161\u010din! Vabljeni v NIKAN TEAM! Klub z ve\u010d kot 40 letno tradicijo.\" \/>\n<meta property=\"og:url\" content=\"https:\/\/www.nikan.si\/karate\/?page_id=84\" \/>\n<meta property=\"og:site_name\" content=\"\u0160portno dru\u0161tvo Nikan\" \/>\n<meta property=\"article:publisher\" content=\"https:\/\/www.facebook.com\/sdnikan\/\" \/>\n<meta property=\"article:modified_time\" content=\"2016-08-31T20:56:47+00:00\" \/>\n<meta name=\"twitter:card\" content=\"summary_large_image\" \/>\n<script type=\"application\/ld+json\" class=\"yoast-schema-graph\">{\"@context\":\"https:\/\/schema.org\",\"@graph\":[{\"@type\":\"WebPage\",\"@id\":\"https:\/\/www.nikan.si\/karate\/?page_id=84\",\"url\":\"https:\/\/www.nikan.si\/karate\/?page_id=84\",\"name\":\"Zemljevid - \u0160portno dru\u0161tvo Nikan\",\"isPartOf\":{\"@id\":\"https:\/\/www.nikan.si\/karate\/#website\"},\"datePublished\":\"2010-08-02T21:31:42+00:00\",\"dateModified\":\"2016-08-31T20:56:47+00:00\",\"description\":\"Karate-Do vadba v Mariboru za otroke, odrasle, tekmovalce in rekreativce. Vabljeni v svet borilnih ve\u0161\u010din! Vabljeni v NIKAN TEAM! Klub z ve\u010d kot 40 letno tradicijo.\",\"breadcrumb\":{\"@id\":\"https:\/\/www.nikan.si\/karate\/?page_id=84#breadcrumb\"},\"inLanguage\":\"sl\",\"potentialAction\":[{\"@type\":\"ReadAction\",\"target\":[\"https:\/\/www.nikan.si\/karate\/?page_id=84\"]}]},{\"@type\":\"BreadcrumbList\",\"@id\":\"https:\/\/www.nikan.si\/karate\/?page_id=84#breadcrumb\",\"itemListElement\":[{\"@type\":\"ListItem\",\"position\":1,\"name\":\"Home\",\"item\":\"https:\/\/www.nikan.si\/karate\/\"},{\"@type\":\"ListItem\",\"position\":2,\"name\":\"Vpis in vadba\",\"item\":\"https:\/\/www.nikan.si\/karate\/?page_id=17\"},{\"@type\":\"ListItem\",\"position\":3,\"name\":\"Zemljevid\"}]},{\"@type\":\"WebSite\",\"@id\":\"https:\/\/www.nikan.si\/karate\/#website\",\"url\":\"https:\/\/www.nikan.si\/karate\/\",\"name\":\"\u0160portno dru\u0161tvo Nikan\",\"description\":\"Karate-Do vadba - Maribor\",\"publisher\":{\"@id\":\"https:\/\/www.nikan.si\/karate\/#organization\"},\"potentialAction\":[{\"@type\":\"SearchAction\",\"target\":{\"@type\":\"EntryPoint\",\"urlTemplate\":\"https:\/\/www.nikan.si\/karate\/?s={search_term_string}\"},\"query-input\":\"required name=search_term_string\"}],\"inLanguage\":\"sl\"},{\"@type\":\"Organization\",\"@id\":\"https:\/\/www.nikan.si\/karate\/#organization\",\"name\":\"\u0160portno dru\u0161tvo Nikan\",\"url\":\"https:\/\/www.nikan.si\/karate\/\",\"logo\":{\"@type\":\"ImageObject\",\"inLanguage\":\"sl\",\"@id\":\"https:\/\/www.nikan.si\/karate\/#\/schema\/logo\/image\/\",\"url\":\"https:\/\/www.nikan.si\/karate\/wp-content\/uploads\/2023\/06\/cropped-NIKAN_logotip_favicon-velik.png\",\"contentUrl\":\"https:\/\/www.nikan.si\/karate\/wp-content\/uploads\/2023\/06\/cropped-NIKAN_logotip_favicon-velik.png\",\"width\":512,\"height\":512,\"caption\":\"\u0160portno dru\u0161tvo Nikan\"},\"image\":{\"@id\":\"https:\/\/www.nikan.si\/karate\/#\/schema\/logo\/image\/\"},\"sameAs\":[\"https:\/\/www.facebook.com\/sdnikan\/\"]}]}<\/script>\n<!-- \/ Yoast SEO plugin. -->","yoast_head_json":{"title":"Zemljevid - \u0160portno dru\u0161tvo Nikan","description":"Karate-Do vadba v Mariboru za otroke, odrasle, tekmovalce in rekreativce. Vabljeni v svet borilnih ve\u0161\u010din! Vabljeni v NIKAN TEAM! Klub z ve\u010d kot 40 letno tradicijo.","robots":{"index":"index","follow":"follow","max-snippet":"max-snippet:-1","max-image-preview":"max-image-preview:large","max-video-preview":"max-video-preview:-1"},"canonical":"https:\/\/www.nikan.si\/karate\/?page_id=84","og_locale":"en_US","og_type":"article","og_title":"Zemljevid - \u0160portno dru\u0161tvo Nikan","og_description":"Karate-Do vadba v Mariboru za otroke, odrasle, tekmovalce in rekreativce. Vabljeni v svet borilnih ve\u0161\u010din! Vabljeni v NIKAN TEAM! Klub z ve\u010d kot 40 letno tradicijo.","og_url":"https:\/\/www.nikan.si\/karate\/?page_id=84","og_site_name":"\u0160portno dru\u0161tvo Nikan","article_publisher":"https:\/\/www.facebook.com\/sdnikan\/","article_modified_time":"2016-08-31T20:56:47+00:00","twitter_card":"summary_large_image","schema":{"@context":"https:\/\/schema.org","@graph":[{"@type":"WebPage","@id":"https:\/\/www.nikan.si\/karate\/?page_id=84","url":"https:\/\/www.nikan.si\/karate\/?page_id=84","name":"Zemljevid - \u0160portno dru\u0161tvo Nikan","isPartOf":{"@id":"https:\/\/www.nikan.si\/karate\/#website"},"datePublished":"2010-08-02T21:31:42+00:00","dateModified":"2016-08-31T20:56:47+00:00","description":"Karate-Do vadba v Mariboru za otroke, odrasle, tekmovalce in rekreativce. Vabljeni v svet borilnih ve\u0161\u010din! Vabljeni v NIKAN TEAM! Klub z ve\u010d kot 40 letno tradicijo.","breadcrumb":{"@id":"https:\/\/www.nikan.si\/karate\/?page_id=84#breadcrumb"},"inLanguage":"sl","potentialAction":[{"@type":"ReadAction","target":["https:\/\/www.nikan.si\/karate\/?page_id=84"]}]},{"@type":"BreadcrumbList","@id":"https:\/\/www.nikan.si\/karate\/?page_id=84#breadcrumb","itemListElement":[{"@type":"ListItem","position":1,"name":"Home","item":"https:\/\/www.nikan.si\/karate\/"},{"@type":"ListItem","position":2,"name":"Vpis in vadba","item":"https:\/\/www.nikan.si\/karate\/?page_id=17"},{"@type":"ListItem","position":3,"name":"Zemljevid"}]},{"@type":"WebSite","@id":"https:\/\/www.nikan.si\/karate\/#website","url":"https:\/\/www.nikan.si\/karate\/","name":"\u0160portno dru\u0161tvo Nikan","description":"Karate-Do vadba - Maribor","publisher":{"@id":"https:\/\/www.nikan.si\/karate\/#organization"},"potentialAction":[{"@type":"SearchAction","target":{"@type":"EntryPoint","urlTemplate":"https:\/\/www.nikan.si\/karate\/?s={search_term_string}"},"query-input":"required name=search_term_string"}],"inLanguage":"sl"},{"@type":"Organization","@id":"https:\/\/www.nikan.si\/karate\/#organization","name":"\u0160portno dru\u0161tvo Nikan","url":"https:\/\/www.nikan.si\/karate\/","logo":{"@type":"ImageObject","inLanguage":"sl","@id":"https:\/\/www.nikan.si\/karate\/#\/schema\/logo\/image\/","url":"https:\/\/www.nikan.si\/karate\/wp-content\/uploads\/2023\/06\/cropped-NIKAN_logotip_favicon-velik.png","contentUrl":"https:\/\/www.nikan.si\/karate\/wp-content\/uploads\/2023\/06\/cropped-NIKAN_logotip_favicon-velik.png","width":512,"height":512,"caption":"\u0160portno dru\u0161tvo Nikan"},"image":{"@id":"https:\/\/www.nikan.si\/karate\/#\/schema\/logo\/image\/"},"sameAs":["https:\/\/www.facebook.com\/sdnikan\/"]}]}},"uagb_featured_image_src":{"full":false,"thumbnail":false,"medium":false,"medium_large":false,"large":false,"1536x1536":false,"2048x2048":false},"uagb_author_info":{"display_name":"admin","author_link":"https:\/\/www.nikan.si\/karate\/?author=1"},"uagb_comment_info":0,"uagb_excerpt":"Vadba oziroma treningi potekajo na Osnovni \u0161oli Franceta Pre\u0161erna, \u017dolgarjeva ulica 2, Maribor &#8211; mala telovadnica. Lokacija telovadnice (dostop do telovadnice je v smeri pu\u0161\u010dice):","_links":{"self":[{"href":"https:\/\/www.nikan.si\/karate\/index.php?rest_route=\/wp\/v2\/pages\/84"}],"collection":[{"href":"https:\/\/www.nikan.si\/karate\/index.php?rest_route=\/wp\/v2\/pages"}],"about":[{"href":"https:\/\/www.nikan.si\/karate\/index.php?rest_route=\/wp\/v2\/types\/page"}],"author":[{"embeddable":true,"href":"https:\/\/www.nikan.si\/karate\/index.php?rest_route=\/wp\/v2\/users\/1"}],"replies":[{"embeddable":true,"href":"https:\/\/www.nikan.si\/karate\/index.php?rest_route=%2Fwp%2Fv2%2Fcomments&post=84"}],"version-history":[{"count":28,"href":"https:\/\/www.nikan.si\/karate\/index.php?rest_route=\/wp\/v2\/pages\/84\/revisions"}],"predecessor-version":[{"id":389,"href":"https:\/\/www.nikan.si\/karate\/index.php?rest_route=\/wp\/v2\/pages\/84\/revisions\/389"}],"up":[{"embeddable":true,"href":"https:\/\/www.nikan.si\/karate\/index.php?rest_route=\/wp\/v2\/pages\/17"}],"wp:attachment":[{"href":"https:\/\/www.nikan.si\/karate\/index.php?rest_route=%2Fwp%2Fv2%2Fmedia&parent=84"}],"curies":[{"name":"wp","href":"https:\/\/api.w.org\/{rel}","templated":true}]}}